at is the tens digit of x?
4
Let f = 18 - 12. Let p(x) = -x + 8. Let a be p(f). Let h(c) = 7*c**3 - 3*c**2 + c + 2. What is the units digit of h(a)?
8
Suppose 14746 = 34*y - 17520. What is the units digit of y?
9
Let g = 1893 + -810. What is the units digit of g?
3
Suppose -12*y + 13195 = y. What is the thousands digit of y?
1
Let i = 199 - 136. What is the tens digit of i?
6
Suppose 5*y - 3*x = 28097, -8*x = 2*y - 7*x - 11230. What is the thousands digit of y?
5
Let q(s) = -24*s + 29. Suppose -7*h - 9 - 12 = 0. What is the units digit of q(h)?
1
Suppose -2*y + 13 = -19. Suppose -15*j = -y*j + 49. What is the units digit of j?
9
Suppose -4*i + 0*i - 12 = 0. Let p = 6 + i. What is the units digit of 8 - (1 + 0) - p?
4
Suppose 3973 = 7*w - 3552. What is the thousands digit of w?
1
Let k be -2 + 2 + (-1 + -3)/2. What is the tens digit of (k/3)/(6/(-549))?
6
Suppose 0*p + 5*p - 750 = 0. What is the tens digit of (5*12/p)/((-2)/(-200))?
4
What is the hundreds digit of (-1326)/(-4 - -2)*(-110)/(-165)?
4
Suppose -6 = 3*c + 6. What is the units digit of (4 - 24)/(2/c)?
0
Suppose -3*s - q + 4 = -35, 0 = 5*q. Suppose 2*y - 3 = -s. What is the units digit of (3 + y)/(3/(-36))?
4
Suppose -q = -24*q + 17710. What is the tens digit of q?
7
Suppose -3*l + 5*k = -6*l, 8 = l - k. Suppose -56 = -y + 2*x, 3*y - l*x - 172 = -x. What is the tens digit of y?
6
Let s = -38 - -41. Suppose -49 = s*n - 139. What is the units digit of n?
0
Let d(l) = l**2 + 12*l - 2. Let k be d(-12). What is the units digit of (k - (-4 - 251))/((-2)/(-2))?
3
Let c(z) = 2*z**3 - 11*z**2 + 2*z + 4. Let u be c(5). What is the units digit of u + (-6 - -13) - -158*1?
4
Let h(t) = -32*t + 6. Let y be h(-11). Suppose 0 = -6*w - 4 + y. Let i = w - 20. What is the tens digit of i?
3
Let g = 7519 + -4259. What is the thousands digit of g?
3
Let q(l) be the third derivative of l**6/120 - l**5/15 - l**4/24 + l**3 - 6*l**2. Let z be q(6). Suppose w + w - z = 0. What is the units digit of w?
6
Suppose 7*m - 16 = 3*m. What is the tens digit of 3/m - 562/(-8)?
7
What is the tens digit of (-2)/5 + (37012/20)/19?
9
Let b be (22 - -3) + 20/(-5). Suppose 0 = -5*n - 6 + b. What is the units digit of 125/n - (-28)/(-42)?
1
Let j = 37 + -25. Let t be (j/10)/(15/(-75)). Let q(c) = -c**2 - 12*c - 13. What is the units digit of q(t)?
3
Suppose 0 = 469*l - 482*l + 32565. What is the thousands digit of l?
2
Suppose -158*j - 32562 = -164*j. What is the tens digit of j?
2
Suppose 3*g + 5*x = -23, 3*g + 13 = 2*g - 3*x. Let h = 55 - g. What is the tens digit of h?
5
What is the units digit of 24/48 - (1790/(-4) + -1)?
9
Let k(b) = 2*b**2 + 8*b + 14. Let s be k(-6). Let p = s - 20. What is the tens digit of p?
1
Suppose -4 = -4*j + x, -2*j - 3*x = 9 + 3. Suppose -u - 3*v = 0, j*v + 4 = -2*v. Suppose -3*p + 6 = 0, u = 4*n + 3*p - 8. What is the units digit of n?
2
Let y(s) = -s**2 + 7*s. Let z(j) = -j. Let b(q) = -y(q) - 4*z(q). Suppose -2*p - p - 15 = 0. What is the units digit of b(p)?
0
Let m(q) = -7*q - 5. Let w be m(-5). What is the units digit of 4*(3 + -4) + w?
6
Let n = -10 + 19. What is the units digit of 20/30*n/2?
3
Suppose 0 = -2*t + 30 - 6. Suppose 0*m - t = -3*m, -76 = -4*u + 5*m. What is the tens digit of u?
2
Let y be 4/14 - 4/14. Suppose y = -3*b + 3, -b = l - 1 - 3. Suppose 0*s - s + 18 = 2*p, -5*s - l*p = -55. What is the units digit of s?
8
Suppose 2*o - 1 = 9. Let p(m) = -m**2 + 5*m. Let a be p(o). Suppose -16 = -f - a*f. What is the units digit of f?
6
Suppose -4*w + s = -21, 0 = -2*w - w - 2*s + 13. Suppose -6*a = -w*a - 21. What is the units digit of a?
1
Let j = 530 - -78. What is the hundreds digit of j?
6
What is the tens digit of 924/(-35)*(-1 + 1 + -5)?
3
Suppose 0 = -5*k + 5*n + 290 + 415, 0 = 3*n - 6. What is the units digit of k?
3
Suppose -3*x = -2*z + 14, -z + 4*x + 4 = -2*z. Suppose 0 = -l + z + 23. What is the tens digit of l?
2
Suppose -q + 0 = -3. Suppose 3 - 1 = 2*x + c, -3*c - 3 = q*x. Suppose -64 = -2*i + 2*g, 2*g - x*g + 142 = 5*i. What is the tens digit of i?
2
Let m(g) = -10*g - 3. Suppose -w - 5*d = 30, 4*w = -d - 30 + 5. What is the tens digit of m(w)?
4
Suppose -2*f + 10 = -2*u, 4*f = 6*f - 3*u - 11. Suppose f*k - 17 = o + 21, 3*o = -4*k - 66. Let h = o + 55. What is the units digit of h?
9
Suppose 0 = -2*w + y, 0*y + 5*y = 0. Suppose w*h - 5*h + 52 = 4*p, 0 = 3*p - 3*h - 12. What is the units digit of p?
8
Suppose 15*r - 2423 = 8917. What is the units digit of r?
6
Let i be (-3)/(-9) - 16/(-6). Let r = 59 - 62. Let t = i - r. What is the units digit of t?
6
Let p(q) = q**2 + 5*q - 11. Let m(x) = -6*x**2 - 2*x - 3. Let h be m(-1). Let g be p(h). Suppose g*r - 69 = -0*r. What is the units digit of r?
3
Let d(i) = -i**2 - 6*i - 2. Suppose 2*j = -5*p + 12, 4*p - 38 + 2 = 5*j. Suppose 3*n = q - n + 17, 0 = 3*q - p*n + 27. What is the units digit of d(q)?
3
Suppose -l - 22 = -5*l - 5*b, 2*l = 4*b - 2. Let h(q) = -q + 0 - l*q**2 + 3 + 3*q + 7*q**2. What is the tens digit of h(-4)?
5
Let k(j) = -3 + j + 2*j**3 + j**2 - j**3 - 2*j**2. What is the tens digit of k(3)?
1
Let o = -43 + 51. What is the tens digit of (-1)/(o/(-44) + 425/2398)?
1
What is the hundreds digit of ((-902)/6)/((-53)/159)?
4
Suppose 4*i + 5*u - 13 = 32, 5*i - u = 20. Suppose -i*q = -0*q + 270. Let f = q - -76. What is the tens digit of f?
2
What is the hundreds digit of 4407/3 - (-19 - -7)/(-4)?
4
Let c = 8 - 11. What is the units digit of (4 + -4)/(1 + c) + 187?
7
Let u = -16 - -14. What is the tens digit of (u + 61/4)*4?
5
Suppose 5*f - 68 = -k, 3*k - 262 = -2*k + f. Let v = k - -16. What is the units digit of v?
9
Suppose 5*g - 2*m - 3 - 42 = 0, 7 = 2*g - 3*m. Suppose 5*b - 13 - 12 = 0. Suppose 20 = -b*j, -k + 10 = -j - g. What is the tens digit of k?
1
Let z(k) = 114*k**2 + 2*k + 8. Let s be z(-3). Suppose 2*n = -2*n + s. What is the units digit of n?
7
Let a(k) be the first derivative of -k**4/4 - 13*k**3/3 - 13*k**2 + 14*k + 9. What is the units digit of a(-11)?
8
Let f(i) be the second derivative of -i**3/3 + 6*i**2 + 9*i. What is the tens digit of f(0)?
1
Let s be (-10)/35 + (-164)/14. Let b = s - -11. What is the tens digit of (0 - b)/((-4)/(-88))?
2
Let j(h) = h**3 - h + 12. Let p be j(0). Suppose -p*s = -7*s - 40. What is the units digit of 10/(-40) + 66/s?
8
Let l(h) = -28*h - 5. Let u be l(6). Let q be u/(-7) - 6/(-21). Suppose -2*b - 1 = -q. What is the units digit of b?
2
Let z be (-8)/12 + 104/12. What is the hundreds digit of 30/z - 3 - (-521)/4?
1
Let t be -2*(-3)/(-6) - -1. Suppose t*g + 5*g - 10 = 0. Suppose 0 = -2*d - 2*a + 18, -g*a = -d - 2*d + 37. What is the units digit of d?
1
Let z be ((-32)/20)/(8/20) - 0. Let y(q) = -4*q**3 + q**2 - 6*q - 10. What is the tens digit of y(z)?
8
Let n(w) be the first derivative of 35*w**3/3 + w**2 - w - 9. Let v(m) be the first derivative of n(m). What is the tens digit of v(1)?
7
Let w be (-55)/2 - (-3)/6. Let m = 64 + w. What is the tens digit of m?
3
Let y be 25/10*(-4)/(-5). Suppose 0 = -s + y*x + 188, 4*s - 1131 + 352 = -x. What is the units digit of s?
4
Let j(v) = 5*v**2 - 3*v - 1. Let s(y) be the second derivative of -y**4/12 + y**3/2 + y**2 + y. Let g be s(4). What is the tens digit of j(g)?
2
Suppose -2 = p - 4*x, 2*p - 2*x - 5 + 3 = 0. Suppose 3*m = -p*f + 56, 3*m - 4*f = -0*f + 68. What is the units digit of m?
0
Suppose 4805 = 5*p - 5*q, -4*p - 2907 = -7*p - 3*q. What is the tens digit of p?
6
Suppose 3*x = -4*l + 120, 19 = l - 2*x - 0*x. Let c = 36 + 126. Suppose 5*d - c = -4*f, f = -d + 6 + l. What is the units digit of d?
0
Suppose -5*h = 326 + 159. Let b = h - -173. What is the units digit of b?
6
Suppose -14*h - 2416 = -6574. Let r = h + -58. What is the hundreds digit of r?
2
Let x(m) = 7*m - 11. What is the tens digit of x(9)?
5
Let v(w) = -5*w + 420. What is the hundreds digit of v(44)?
2
Let b(f) = f**2 + 2*f + 8. Let u be b(6). What is the units digit of (-398)/(-16) - (-7)/u?
5
Let u = -14 - -18. Suppose -5*o = -5*z + 40, 0*o = -o - 2*z + u. Let h = o - -17. What is the tens digit of h?
1
Suppose 83378 = 17*f + 30*f. What is the hundreds digit of f?
7
Suppose -5*f + 0*f + 24 = -4*l, -4*l - 5*f + 16 = 0. Let c be l + 2 + 258 + 1. Suppose 0 = 4*q + 44 - c. What is the units digit of q?
4
What is the hundreds digit of (21*1288/(